actors of d(65)?
2, 13, 17, 107
Suppose w + 4*l - 10 = 0, -5*l + 5 = 3*w + 3. Let m(y) = 3*y**2 + 8*y + 9. List the prime factors of m(w).
3, 23
Let r(s) = 2259*s + 3638. List the prime factors of r(9).
11, 2179
Suppose 8*n - 10233 = -2*q + 11*n, 0 = -5*q + 2*n + 25577. List the prime factors of q.
3, 5, 11, 31
Let g = 34 + -54. Let d = 17 + g. List the prime factors of (d - -3) + (-136)/(-2).
2, 17
Let f = 66 + -70. Let k be (-16)/3*138/f + 4. Suppose -5*h = -3*q - q + 764, -k = -q + 2*h. List the prime factors of q.
2, 7
List the prime factors of 8/(-6)*(-2669)/(-628)*-3696.
2, 7, 11, 17
Let d = 5425 + 633. List the prime factors of d.
2, 13, 233
Suppose -5*z - 4*z - 135 = 0. What are the prime factors of (-423)/12*(-3 - 5/z)?
2, 47
Suppose 0 = -i - 3*n + 221, 4*n + 21 = -i + 237. Let g = 644 - i. List the prime factors of g.
2, 3, 17
Let g be ((-36)/8)/(10/(-20)). Suppose 3029 = g*m + 797. List the prime factors of m.
2, 31
Let s be 13/(-39) + (-10)/(-3). Suppose -s*j = -12, -5*f - 4*j + 528 = -178. Let v = -93 + f. What are the prime factors of v?
3, 5
Let o = -5 + 9. Suppose -4*b + 4*d = 0, 3*b + 3*d + 2 = o*d. List the prime factors of (-16)/24*-170 + b/3.
113
Let h(g) = -1786*g**3 + 4*g**2 - g - 3. What are the prime factors of h(-1)?
2, 3, 149
Suppose -11*h = -84 + 51. What are the prime factors of (-37)/(-111) - (2 - 959/h)?
2, 3, 53
Suppose 3*v + 2*v + 32 = -h, -3*v + 3*h - 12 = 0. Let m = v - -15. Suppose -m = 3*b - 18. What are the prime factors of b?
3
Suppose q - 4 = 0, -4*n + 9*q - 6*q + 156 = 0. List the prime factors of (14/n)/(1/738).
2, 3, 41
List the prime factors of (2/(-4))/((-1)/8124) - (3 + -6).
3, 5, 271
Let c(r) = -r**3 + 94*r**2 - 286*r + 196. What are the prime factors of c(82)?
2, 3, 2393
Let t(b) = -269*b + 171. Let o be t(-12). Suppose 7*x - o = 6289. What are the prime factors of x?
2, 173
Suppose 22534*q - 22520*q - 367276 = 0. List the prime factors of q.
2, 13, 1009
Let u = -613 + 1110. Suppose u = p + 5*h + 66, -5*p = -h - 2129. What are the prime factors of p?
2, 3, 71
Suppose 5*b = -10*v + 14*v + 83327, -4*b + 66672 = 2*v. What are the prime factors of b?
7, 2381
Suppose -34*j = -42*j - 16136. Let k = 3026 + j. What are the prime factors of k?
1009
Let k(q) = 7946*q**2 - 48*q + 86. List the prime factors of k(2).
2, 15887
Let t(y) = -y**2 + 65*y + 55. Suppose -8*v + 183 = -265. What are the prime factors of t(v)?
13, 43
Let l(y) = 3600*y + 101. List the prime factors of l(7).
25301
Suppose 22*a - 256573 + 29678 - 190621 = 0. What are the prime factors of a?
2, 3, 3163
Let v be (70 - 16)*5/(-3). Let b be ((-46404)/v)/((-4)/(-10)). Suppose -b = -6*u + 385. What are the prime factors of u?
3, 31
Suppose 215*b - 151034 = 202*b. What are the prime factors of b?
2, 37, 157
Suppose 3*w - 4*m - 931 = 0, 3*m - 703 = -3*w + 263. Let b = -204 + w. What are the prime factors of b?
113
Suppose 7755*x - 7764*x = -668988. List the prime factors of x.
2, 18583
Let r(a) = -4*a**2 - 38*a + 9. Let n be r(-10). Let f(y) = -21*y - 82. List the prime factors of f(n).
149
Let g(j) = -54*j - 1728. Let b be g(-33). Let a be -8*2*(0 + -1). Suppose 4*d - 3*m = b, 80 - a = 5*d - 2*m. What are the prime factors of d?
2, 3
Let j = 37 + -228. Let h = 550 + j. What are the prime factors of h?
359
Let b(p) = -2*p + 12. Let u(m) = m + 8. Let v be u(-4). Suppose -4*q = -v*q - 2*q. List the prime factors of b(q).
2, 3
List the prime factors of (55 - 52)/((-5)/(89735/(-3))).
131, 137
Suppose -17623 = -119*k + 118*k + 3*v, -2*v = 3*k - 52803. What are the prime factors of k?
5, 7, 503
Let u(s) = 2437*s - 14181. List the prime factors of u(18).
3, 5, 1979
Suppose 73 = -5*j - 72. Let f = j + 56. Suppose 4*w - f = -0*m - 3*m, 3*m = 2*w - 27. List the prime factors of w.
3
Let y be 2/4 - -6*3122/8. Suppose 0 = -31*m + 665 + y. List the prime factors of m.
97
List the prime factors of 13*(-84)/(-156) + (-36014)/(-2).
2, 9007
Let s be ((-14)/21)/(2/(-12)). Let x(r) = 3*r**3 - 4*r**2 - 7*r + 6. Let u be x(s). Let h = -24 + u. List the prime factors of h.
2, 41
Let v be 29/(-2)*(-4 + (-6)/3). Let t = v + 284. List the prime factors of t.
7, 53
Suppose 5982 = 2*d - 55*r + 57*r, 5*r + 14955 = 5*d. List the prime factors of d.
3, 997
Let x(k) = -7*k**2 - 300*k + 53. List the prime factors of x(-31).
2, 13, 101
Suppose 0 = -11*b - 9 + 31. Let a(o) = -12*o + 22*o**2 - 46*o**b + 11 + 26*o**2. List the prime factors of a(9).
5, 13
Suppose 38*x - 1328253 = -209305. What are the prime factors of x?
2, 14723
Suppose -18*c = 3*a - 4317 - 10917, 5*a + c - 25274 = 0. What are the prime factors of a?
2, 7, 19
Suppose 3*r - 46*d + 43*d - 150810 = 0, -4*d - 100540 = -2*r. What are the prime factors of r?
2, 5, 11, 457
Let a(p) be the first derivative of 115*p**2/2 - 70*p + 200. What are the prime factors of a(5)?
5, 101
Suppose 0 = 2*x + 6, -3*x = 3*r - 5*x - 3. Let v be 0/((-10)/5) + (-4)/r. Suppose 12 = v*q - 288. What are the prime factors of q?
3, 5
Suppose -4608 = 39*w - 75*w. List the prime factors of w.
2
Suppose -5 = c, 3*c + 5 = -u + 2*c. Let f(p) = p + 4. Let o be f(u). What are the prime factors of o + 8/(-1) - -55?
3, 17
Let h(p) = 187*p**3 - 109*p**2 + 315*p - 3. What are the prime factors of h(3)?
2, 3, 5, 167
Let u = 25052 + -4954. List the prime factors of u.
2, 13, 773
Let c = 29824 + -13110. List the prime factors of c.
2, 61, 137
Let g(c) be the second derivative of -2*c**2 - 4/3*c**3 + 0 - 12*c. List the prime factors of g(-10).
2, 19
Let j be (-1)/(-3) - (-183)/(-9). List the prime factors of -1*(930/j)/(2/12).
3, 31
Let l = 31487 + -13508. List the prime factors of l.
3, 13, 461
Let v = 2206 - -2897. What are the prime factors of v?
3, 7
Suppose 37*k = 38*k - 924. Suppose -2519 = -5*f - 2*l, -2*l - k = -5*f + 1607. What are the prime factors of f?
5, 101
Suppose -119280 = -4*y + 42*u - 37*u, 4*y - 4*u - 119272 = 0. List the prime factors of y.
2, 5, 11, 271
Let r(h) be the first derivative of h**3/3 - 17*h**2/2 + 5*h - 4. Let x be r(17). Suppose -x*y - 2460 = -15*y. What are the prime factors of y?
2, 3, 41
Suppose 2*w = 2*a - 2, -2*w + 5*w - 2*a = 0. Suppose w*b - 674 - 100 = 0. What are the prime factors of b?
3, 43
Suppose 3187*u - 3188*u + 9622 = 0. List the prime factors of u.
2, 17, 283
Suppose 24*u + h = 27*u - 167832, u - 14*h - 55862 = 0. What are the prime factors of u?
2, 11, 2543
Let b(k) = 4*k**2 - k - 2. Let l be b(-1). What are the prime factors of (-126)/(-84)*(960 + -1 + l)?
3, 13, 37
Let o be (((-9)/6)/3)/((-10)/60). Suppose -o*l = 4*l - 336. Suppose -103 = -v + l. List the prime factors of v.
151
Let m be ((-10)/3 + 2)/((-44)/33). List the prime factors of (-3 - (-1)/m)/((-3)/606).
2, 101
List the prime factors of (2/5*(-295)/(-118))/(1/11387).
59, 193
Let f = -40 - -41. Suppose 81 = -2*c - f. Let i = c - -97. List the prime factors of i.
2, 7
What are the prime factors of 5 - -4608 - (13 + -2)?
2, 3, 13, 59
Let f = 16 + -13. Suppose -210 = f*v - 762. Let l = v + -75. What are the prime factors of l?
109
Suppose 0 = -54*l + 59*l - 160. Let g be (2/(-3))/(l/48). List the prime factors of (1821/(-9))/(-1) - g/(-3).
2, 101
Let x(f) = 67*f**3 - f**2 - 6*f - 5. Let l(r) = -68*r**3 + r**2 + 5*r + 4. Let q(z) = -6*l(z) - 5*x(z). Let w = -96 - -97. What are the prime factors of q(w)?
73
Let n be -1*(-2 - -1)*-6. Let g(w) = 29*w - 8. Let c(d) = -28*d + 7. Let b(y) = n*c(y) - 5*g(y). What are the prime factors of b(3)?
67
Let z = 568 + -527. Suppose -41394 = -z*r - 4822. What are the prime factors of r?
2, 223
Suppose -4*k - 5*w = -29 + 236, -3*k - 164 = 2*w. List the prime factors of 8*(-13)/10*7395/k.
2, 3, 13, 17
Let h(s) = -2*s**2 + 13*s - 3. Let w = 43 + -37. Let n be h(w). Suppose -180 = -t - 3*t - n*i, 3*t + i = 130. List the prime factors of t.
2, 3, 7
Let x = 2995 + -1682. List the prime factors of x.
13, 101
Let w(p) = 186*p**2 + p. Suppose 0 = -4*m + 2*s + 132, -3*m = -4*s - 58 - 36. Let a = m - 33. List the prime factors of w(a).
11, 17
Suppose -2*f + 29650 = 5*p, 4*f - 2092 = -2*p + 9784. List the prime factors of p.
2, 3, 13, 19
Suppose 8*c = -188 - 28. What are the prime factors of 36/c*(-1698)/8?
283
Let j(y) = 7*y**3 + 3*y**2 - y + 5. Suppose -24*a - 13 = -61. List the prime factors of j(a).
71
Let r = 35697 - 1040